?
-669b0b
-298b1 (base 14) to base 3
-12020122010
Convert -525331510 (base 6) to base 3.
-122100100212220
Convert 1234440 (base 10) to base 7.
13330644
What is 111312214 (base 6) in base 10?
2031346
-e5d4a (base 16) to base 5
-220111021
Convert aa5022 (base 11) to base 13.
499966
Convert 438882 (base 9) to base 14.
6b8d3
What is -9aa34 (base 11) in base 10?
-146326
Convert 2100022 (base 3) to base 13.
a16
Convert -31346732 (base 8) to base 4.
-121130313122
What is -c7b786 (base 14) in base 5?
-3212120344
Convert 24346157 (base 8) to base 2.
10100011100110001101111
What is 197183 (base 10) in base 7?
1450610
What is -5523130 (base 7) in base 11?
-423589
What is -10552053 (base 8) in base 15?
-301494
What is -2134135 (base 6) in base 10?
-105899
Convert 7436587 (base 9) to base 8.
17137030
Convert -3155a (base 11) to base 10.
-45924
What is 24237828 (base 9) in base 5?
11012212020
-25223205 (base 6) to base 15
-1108eb
What is 133153425 (base 6) in base 3?
12000212122222
Convert -1b5cd74 (base 14) to base 11.
-7799a15
What is -1ab194a (base 12) in base 7?
-66332026
What is 2212112330 (base 4) in base 9?
1247635
31220323130 (base 4) to base 10
3575516
What is 17477331 (base 8) in base 12?
1456249
Convert 1000000111110111111 (base 2) to base 4.
1000332333
Convert 16210022 (base 8) to base 7.
43533550
Convert -430514 (base 6) to base 5.
-2111212
What is 814189 (base 11) in base 14?
260c6b
4418839 (base 10) to base 14
830515
Convert 9799 (base 11) to base 10.
12934
What is 101110010010010100 (base 2) in base 11?
11a493
What is -2220131430 (base 5) in base 8?
-22376536
-4041023 (base 5) to base 4
-33321302
Convert 2567364 (base 8) to base 6.
23205140
What is -70321 (base 14) in base 9?
-450646
What is -2eb51 (base 16) in base 3?
-100201102200
Convert 100012021122 (base 3) to base 11.
113a94
1583a (base 15) to base 8
207353
What is -132324101 (base 5) in base 11?
-416479
Convert 253dd7 (base 14) to base 4.
10320023221
Convert -1110000111010011010 (base 2) to base 4.
-1300322122
What is 1131320301 (base 4) in base 13?
106068
What is 19d62 (base 15) in base 8?
244061
What is 382566 (base 10) in base 16?
5d666
7a6aa (base 16) to base 14
d0a38
Convert -56556032 (base 8) to base 15.
-111d6cc
Convert -255073 (base 10) to base 2.
-111110010001100001
What is a6913 (base 13) in base 3?
120020222022
Convert -49170 (base 11) to base 7.
-413146
Convert -1100021 (base 7) to base 14.
-37011
42255 (base 15) to base 4
303031310
14366413 (base 7) to base 4
11030111032
Convert -36748 (base 11) to base 9.
-80385
303312 (base 7) to base 2
1100100110010110
What is -2319453 (base 11) in base 13?
-abbcab
Convert 918b2 (base 13) to base 9.
436604
-22230001202 (base 4) to base 14
-52d09c
16345740 (base 8) to base 12
1327b94
What is -112020210121 (base 3) in base 16?
-447c7
What is 20332002 (base 4) in base 6?
442030
What is -42ab13 (base 15) in base 12?
-1091469
Convert -537ca (base 13) to base 11.
-a3291
What is -1041452 (base 10) in base 2?
-11111110010000101100
What is 231121112 (base 4) in base 9?
313052
What is 12343160 (base 7) in base 3?
2002220022222
-1154622 (base 7) to base 9
-245183
Convert 67789 (base 12) to base 13.
4a847
Convert -402305230 (base 6) to base 16.
-685032
What is -4883421 (base 9) in base 15?
-3761d4
-267044 (base 9) to base 7
-1245034
What is -1000100111100101001011 (base 2) in base 9?
-4223125
What is -30797a (base 11) in base 12?
-1b9812
Convert 125b82 (base 12) to base 8.
1113122
What is -20210000002110 (base 3) in base 4?
-31233122013
Convert 2150230 (base 8) to base 15.
b6278
What is 3c7fd1 (base 16) in base 6?
220551533
355742 (base 11) to base 10
563906
What is -22200211102120 (base 3) in base 2?
-10001101000011101011100
35a1b (base 12) to base 11
4a368
What is -123421151 (base 6) in base 11?
-13a9282
5acca6 (base 13) to base 16
211eeb
54422a (base 14) to base 7
33155153
-1285258 (base 9) to base 11
-442386
What is -163c88 (base 13) in base 8?
-2064736
Convert -1d0f48 (base 16) to base 5.
-441420311
-136874 (base 11) to base 7
-1550635
Convert -1064110 (base 7) to base 9.
-223084
What is -2683b9 (base 12) in base 11?
-3a5216
-1101011100000011101 (base 2) to base 12
-1929b9
What is -570b0 (base 14) in base 10?
-211442
What is 11031402 (base 5) in base 14?
26d08
-14444302 (base 6) to base 3
-221121010002
What is 201025 (base 8) in base 15?
14899
Convert -2082255 (base 9) to base 13.
-301592
Convert 1185df (base 16) to base 13.
312922
-75503 (base 11) to base 6
-2204034
Convert 14626447 (base 8) to base 5.
1324311040
-21420230 (base 6) to base 8
-2342472
1010111111000011 (base 2) to base 5
2414440
5410b99 (base 12) to base 10
15947685
38162 (base 14) to base 10
137482
-30313130302 (base 4) to base 9
-6310611
Convert -322330222 (base 4) to base 2.
-111010111100101010
-137160 (base 8) to base 7
-262064
What is 42272 (base 8) in base 9?
26118
Convert 13011303030 (base 4) to base 13.
50107b
Convert 1631205 (base 7) to base 6.
4502540
What is -5282724 (base 9) in base 16?
-2b2e0e
What is 43325322 (base 7) in base 10?
3704220
What is -3a53b5 (base 13) in base 6?
-50125001
-202012101101101 (base 3) to base 14
-15d615b
What is -100011011101100110100 (base 2) in base 8?
-4335464
Convert -20432220 (base 8) to base 4.
-100203102100
Convert 21313333 (base 7) to base 3.
10102101212101
Convert 238186 (base 10) to base 3.
110002201201
What is -2115124 (base 7) in base 12?
-104394
What is -54378e (base 15) in base 12?
-1415375
Convert -20283 (base 11) to base 5.
-1421430
What is -ac5b0 (base 13) in base 10?
-312962
53571 (base 12) to base 16
1ac65
Convert -2103210031 (base 5) to base 7.
-51660041
21122103113 (base 4) to base 6
124513235
What is 1231320013 (base 4) in base 5?
103400210
2100002202122 (base 3) to base 14
2448d6
Convert -20023001 (base 4) to base 9.
-50822
Convert -111223311 (base 4) to base 9.
-144750
Convert -481817 (base 10) to base 7.
-4044500
4437671 (base 8) to base 14
231bbb
Convert -1000111000001111010 (base 2) to base 10.
-290938
What is 42e10b (base 16) in base 11?
2524004
What is 21101010100 (base 3) in base 11?
9a075
-4220251 (base 6) to base 3
-101102000211
Convert 11011111100111 (base 2) to base 10.
14311
-2521444 (base 6) to base 10
-135172
Convert 10b61a (base 12) to base 3.
111122121211
Convert 10330512 (base 6) to base 12.
129a38
Convert -241142443 (base 5) to base 12.
-459579
-424524 (base 7) to base 2
-10001111111000001
What is -30341344 (base 5) in base 7?
-2044404
Convert 747015 (base 9) to base 6.
13310452
-111110000001111000 (base 2) to base 12
-103048
What is -7660 (base 15) in base 4?
-12013221
Convert 100011100110111100000 (base 2) to base 6.
41001532
828b1c (base 13) to base 15
402bd6
-565ea (base 15) to base 12
-112b94
221568 (base 10) to base 8
660600
Convert 100110010110101100110000 (base 2) to base 6.
555300212
Convert -406824 (base 10) to base 3.
-202200001120
What is 1111320 (base 6) in base 13?
1c698
What is 100001011111100100 (base 2) in base 7?
1110652
Convert -a4c86 (base 15) to base 4.
-1333211100
a9cf5 (base 16) to base 13
1b4782
What is 11000111000111100001 (base 2) in base 5?
202044320
What is -151856 (base 12) in base 8?
-1266202
What is -8648d (base 15) in base 16?
-6812b
-3450 (base 12) to base 14
-219a
3144552 (base 7) to base 9
640576
2503400 (base 6) to base 3
20202102100
What is -212789 (base 10) in base 14?
-57793
Convert 105923a (base 11) to base 10.
1857030
What is 4152433 (base 6) in base 11?
128411
113242620 (base 7) to base 8
32513437
21310110 (base 4) to base 13
153c3
Convert -503b8 (base 15) to base 13.
-8b7a5
4234243 (base 5) to base 14
1bd38
-20200002102 (base 3) to base 4
-200003111
Convert -804082 (base 11) to base 15.
-1a854c
-1064641 (base 9) to base 8
-2141446
Convert 5512623 (base 8) to base 4.
11221112103
What is 676822 (base 11) in base 7?
12106122
What is -213300210301 (base 4) in base 15?
-dad287
5b430d (base 14) to base 5
1244421043
996527 (base 12) to base 3
11120211020211
What is -11111011010001100110 (base 2) in base 3?
-1221021211100
Convert 1354144 (base 6) to base 3.
10221011101
1445416 (base 7) to base 6
4113141
9756410 (base 11) to base 14
23c71ac
-b30187 (base 12) to base 7
-32540056
-982b71 (base 13) to base 3
-20201200222212
-210100101011120 (base 3) to base 2
-10